base 3, what is 112 + -212?
-100
In base 11, what is -2 + 4270?
4269
In base 12, what is 5 + 130?
135
In base 5, what is -13 - 143?
-211
In base 15, what is 3 - -a3?
a6
In base 13, what is 14c - -1?
150
In base 9, what is 38 - 3?
35
In base 5, what is 30 + -13?
12
In base 12, what is 6 + 22?
28
In base 8, what is -261 + 3?
-256
In base 3, what is -12 - 21021?
-21110
In base 2, what is -110 - 10101000011?
-10101001001
In base 9, what is 3 + 67?
71
In base 6, what is -2 - -12003?
12001
In base 16, what is 3a6 + a?
3b0
In base 9, what is -2 - -101?
88
In base 15, what is 91 + 5?
96
In base 6, what is -1404 - 1?
-1405
In base 16, what is -20 - -7?
-19
In base 4, what is -11 + 111?
100
In base 2, what is -1110110 + -1000?
-1111110
In base 15, what is -8 - -27a?
272
In base 3, what is -102210121 + 10?
-102210111
In base 3, what is -200222 - -10?
-200212
In base 10, what is -922 - 33?
-955
In base 16, what is -65f5 + -2?
-65f7
In base 7, what is 120316 + 2?
120321
In base 9, what is -180 - 61?
-251
In base 11, what is -12 - -10a4?
1092
In base 7, what is 56 + -12?
44
In base 15, what is -3 + -6b7?
-6ba
In base 7, what is -1 + 36?
35
In base 5, what is 10 + -40401?
-40341
In base 15, what is 62 + 5?
67
In base 2, what is -11000110001 - -101?
-11000101100
In base 13, what is -b0 + 1?
-ac
In base 8, what is 171 + -4?
165
In base 12, what is -2 + -52?
-54
In base 14, what is 8 - 14?
-a
In base 11, what is -134 + -25?
-159
In base 9, what is -13 + -40?
-53
In base 2, what is 1 + 1111?
10000
In base 4, what is 202 + -121?
21
In base 13, what is -99 + -1?
-9a
In base 3, what is -1202 - 1102?
-10011
In base 12, what is 7 + 104?
10b
In base 13, what is 50 - -5?
55
In base 6, what is -41 - 3?
-44
In base 3, what is 10001 - 1222?
1002
In base 10, what is -8 - -73?
65
In base 8, what is 0 - 25?
-25
In base 5, what is 13013 + -2?
13011
In base 7, what is -2401 + 2?
-2366
In base 8, what is 0 + 34?
34
In base 11, what is 9 - -7?
15
In base 2, what is 1011 - 1000?
11
In base 4, what is -31 - -10?
-21
In base 14, what is bb + -26?
95
In base 8, what is -26 + 13?
-13
In base 7, what is -5 - 11?
-16
In base 2, what is -11010001 + -11010?
-11101011
In base 8, what is -10 + 45?
35
In base 4, what is 3 - -32131?
32200
In base 10, what is -83 - -2?
-81
In base 7, what is 3 - 1?
2
In base 14, what is 5 + -5?
0
In base 8, what is 52 - 50?
2
In base 16, what is -81a + 8?
-812
In base 15, what is 3 - -2d6?
2d9
In base 5, what is -124 - -4?
-120
In base 10, what is -7 + 63?
56
In base 10, what is 173 - -6?
179
In base 4, what is -11 - 1330?
-2001
In base 11, what is -1 - 513?
-514
In base 16, what is -c89 + 4?
-c85
In base 3, what is -11 + 210100?
210012
In base 9, what is 5 + 7416?
7422
In base 2, what is 10 - -1111?
10001
In base 4, what is 0 + -33?
-33
In base 3, what is -12 - 21?
-110
In base 11, what is -119 + -3?
-121
In base 8, what is 12 - -32?
44
In base 3, what is 2 - 1211220?
-1211211
In base 16, what is 1 + -1902?
-1901
In base 10, what is 285 - 5?
280
In base 6, what is -20 - -103?
43
In base 14, what is 2 - -3b8?
3ba
In base 3, what is -121 + 2110?
1212
In base 7, what is -23 + -122?
-145
In base 15, what is -c1 - -3?
-bd
In base 10, what is -48 - 4?
-52
In base 12, what is -5 - 20?
-25
In base 9, what is -232 + -54?
-286
In base 3, what is 222122 - 0?
222122
In base 13, what is 10b1 + 1?
10b2
In base 9, what is -251 + 0?
-251
In base 14, what is -199 + -2?
-19b
In base 9, what is 168 + 8?
177
In base 9, what is -1852 + -4?
-1856
In base 6, what is -3 - 34555?
-35002
In base 12, what is -60 - -5?
-57
In base 16, what is -5f - 4?
-63
In base 4, what is 200303 + -1?
200302
In base 16, what is 11 + 0?
11
In base 7, what is 6 - 122?
-113
In base 12, what is -1b - 336?
-355
In base 9, what is 4 + 8828?
8833
In base 15, what is 3 + -32?
-2e
In base 11, what is -a - 1871?
-1880
In base 15, what is 2 + -2b8?
-2b6
In base 12, what is 157 + -9?
14a
In base 16, what is 0 + e6?
e6
In base 2, what is -1110011 + 101?
-1101110
In base 3, what is -12 - -122?
110
In base 9, what is 0 + 318?
318
In base 2, what is -10 - -1010110?
1010100
In base 14, what is -3 - -306?
303
In base 16, what is -7 + -8b?
-92
In base 4, what is 1 - 1213?
-1212
In base 8, what is -46 - 20?
-66
In base 8, what is 602 + 7?
611
In base 14, what is -41 - -23?
-1c
In base 15, what is -4 - -2a1?
29c
In base 5, what is -2332012 + -3?
-2332020
In base 15, what is -4db - 1?
-4dc
In base 14, what is -6 - -61?
59
In base 8, what is -62 + 5?
-55
In base 14, what is 5 - 23?
-1c
In base 11, what is 5 - 62?
-58
In base 6, what is 14345 + 2?
14351
In base 16, what is -16 - -12?
-4
In base 9, what is 42 - 0?
42
In base 11, what is 1 - -8a9?
8aa
In base 4, what is 1 + 12112?
12113
In base 2, what is -110 - 100?
-1010
In base 10, what is 79 + 22?
101
In base 13, what is 0 + -9cb?
-9cb
In base 16, what is -929 - 1?
-92a
In base 10, what is 2 + -872?
-870
In base 9, what is -310 - 4?
-314
In base 14, what is 5 - 667?
-662
In base 10, what is 2 + -5006?
-5004
In base 13, what is -6 - -117?
111
In base 12, what is 1 + 9a?
9b
In base 14, what is 9 - d?
-4
In base 15, what is -1 + -2d4?
-2d5
In base 11, what is -46 - 29?
-74
In base 10, what is -24 + -1?
-25
In base 5, what is -1140 - 122?
-1312
In base 8, what is -71 + -62?
-153
In base 12, what is a4 + 3?
a7
In base 12, what is 0 - 49?
-49
In base 7, what is -5 - 424?
-432
In base 10, what is 1 + -4719?
-4718
In base 9, what is 61 + 3?
64
In base 7, what is -60 + 40?
-20
In base 3, what is -10200201 - 0?
-10200201
In base 12, what is -403 + 0?
-403
In base 11, what is 8 - 237?
-22a
In base 15, what is -3 + -19?
-1c
In base 6, what is 204 + -1?
203
In base 10, what is 1 + -24?
-23
In base 12, what is -1a30 - 1?
-1a31
In base 14, what is -59 + 41?
-18
In base 4, what is -11202 - -133?
-11003
In base 6, what is -2 - -30?
24
In base 11, what is 765 + 4?
769
In base 7, what is 5 + 1212?
1220
In base 9, what is -11 + 0?
-11
In base 15, what is 28 + 2c?
55
In base 16, what is 2 + 85?
87
In base 5, what is -2 + 1031?
1024
In base 14, what is 0 + -124?
-124
In base 7, what is -1645 - 3?
-1651
In base 6, what is 32 - 1301?
-1225
In base 2, what is -1001000 - 1?
-1001001
In base 5, what is -11011 + 14?
-10442
In base 15, what is 39 + -9?
30
In base 4, what is -32 + -102?
-200
In base 2, what is 10 - -111000?
111010
In base 12, what is -9a + b?
-8b
In base 8, what is 0 + 65?
65
In base 9, what is 0 - -45?
45
In base 16, what is -79 - -4?
-75
In base 3, what is 2 - 1222?
-1220
In base 3, what is 112 + 10?
122
In base 11, what is -6 - 5a?
-65
In base 12, what is -13 - 108?
-11b
In base 7, what is -10 + -413?
-423
In base 13, what is -71 - 4?
-75
In base 14, what is 1315 - 0?
1315
In base 11, what is -342 - -3?
-33a
In base 14, what is -472 + -2?
-474
In base 10, what is 18 + -1?
17
In base 9, what is 10 + -348?
-338
In base 3, what is -210012 + -1?
-210020
In base 4, what is -3230 + -13?
-3303
In base 10, what is -56 - -1?
-55
In base 4, what is 1 - 2313?
-2312
In base 11, what is -39a + 15?
-385
In base 11, what is 38 + -4?
34
In base 6, what is 15135 - -12?
15151
In base 5, what is -1010 - 10?
-1020
In base 14, what is 2d - -1?
30
In base 12, what is 1 - -110?
111
In base 15, what is 1420 + 1?
1421
In base 9, what is -465 + 5?
-460
In base 15, what is -124 - -2?
-122
In base 5, what is 2 - 0?
2
In base 10, what is 101 - 3?
98
In base 14, what is -50 + 3c?
-12
In base 14, what is 12 - -117?
129
In base 13, what is 22 + -64?
-42
In base 9, what is 4 - -2886?
3001
In base 5, what is 2322 - -13?
2340
In base 16, what is -6e7 - -4?
-6e3
In base 10, what is 2 + -54?
-52
In base 7, what is 11 + -100?
-56
In base 12, what is 2b6a + 4?
2b72
In base 12, what is 16 + -5?
11
In base 14, what is c87 + -4?
c83
In base 2, what is 110 + -10100?
-1110
In base 14, what is -4 - -11?
b
In base 10, what is -198 + 26?
-172
In base 4, what is 210 + 103?
313
In base 4, what is 1 - -2301?
2302
In base 5, what is -10400 - 1?
-10401
In base 12, what is -19 - 119?
-136
In base 13, what is -23 - 5?
-28
In base 15, what is -b + -8?
-14
In base 13, what is 0 + 135?
135
In base 14, what is 86 + -5?
81
In base 11, what is 5260 - -5?
5265
In base 8, what is -44 - 11?
-55
In base 12, what is 2 + -186?
-184
In base 6